alculate the remainder when 73227 is divided by 6657.
0
What is the remainder when 1562 is divided by 697?
168
Calculate the remainder when 2597 is divided by 271.
158
What is the remainder when 29213 is divided by 7294?
37
Calculate the remainder when 7057 is divided by 592.
545
Calculate the remainder when 134140 is divided by 6.
4
What is the remainder when 88049 is divided by 88030?
19
What is the remainder when 8071 is divided by 2015?
11
Calculate the remainder when 4294 is divided by 1368.
190
Calculate the remainder when 218095 is divided by 54.
43
What is the remainder when 35638 is divided by 475?
13
Calculate the remainder when 2215 is divided by 4.
3
Calculate the remainder when 54725 is divided by 9117.
23
Calculate the remainder when 897 is divided by 152.
137
Calculate the remainder when 44965 is divided by 24.
13
What is the remainder when 4434 is divided by 329?
157
What is the remainder when 2110 is divided by 45?
40
Calculate the remainder when 1384 is divided by 52.
32
What is the remainder when 47522 is divided by 511?
510
Calculate the remainder when 675 is divided by 219.
18
What is the remainder when 475 is divided by 335?
140
Calculate the remainder when 16586 is divided by 353.
348
Calculate the remainder when 4291 is divided by 143.
1
Calculate the remainder when 394692 is divided by 197340.
12
Calculate the remainder when 142711 is divided by 143.
140
What is the remainder when 87165 is divided by 192?
189
What is the remainder when 19809 is divided by 9889?
31
Calculate the remainder when 21933 is divided by 47.
31
Calculate the remainder when 52928 is divided by 14.
8
What is the remainder when 2284 is divided by 255?
244
What is the remainder when 940 is divided by 766?
174
What is the remainder when 66225 is divided by 105?
75
Calculate the remainder when 948 is divided by 527.
421
Calculate the remainder when 374 is divided by 58.
26
What is the remainder when 1830 is divided by 715?
400
Calculate the remainder when 1356 is divided by 1239.
117
What is the remainder when 1607 is divided by 415?
362
What is the remainder when 2000 is divided by 22?
20
What is the remainder when 17387 is divided by 127?
115
Calculate the remainder when 45210 is divided by 168.
18
What is the remainder when 78156 is divided by 705?
606
Calculate the remainder when 12568 is divided by 54.
40
Calculate the remainder when 26287 is divided by 26272.
15
What is the remainder when 3077 is divided by 26?
9
What is the remainder when 1635761 is divided by 6440?
1
What is the remainder when 46745 is divided by 296?
273
Calculate the remainder when 11262 is divided by 5536.
190
Calculate the remainder when 2190 is divided by 497.
202
Calculate the remainder when 18474 is divided by 303.
294
Calculate the remainder when 23426 is divided by 5760.
386
What is the remainder when 930 is divided by 880?
50
What is the remainder when 1310 is divided by 263?
258
Calculate the remainder when 1513718 is divided by 576.
566
Calculate the remainder when 71999 is divided by 72.
71
Calculate the remainder when 2517 is divided by 563.
265
Calculate the remainder when 23768 is divided by 11882.
4
What is the remainder when 39534 is divided by 15?
9
Calculate the remainder when 150055 is divided by 212.
171
What is the remainder when 13521 is divided by 1206?
255
What is the remainder when 18769 is divided by 6107?
448
Calculate the remainder when 9565 is divided by 1188.
61
What is the remainder when 1399 is divided by 409?
172
What is the remainder when 30393 is divided by 1052?
937
What is the remainder when 122998 is divided by 417?
400
What is the remainder when 82499 is divided by 577?
565
Calculate the remainder when 49 is divided by 43.
6
What is the remainder when 139349 is divided by 1883?
7
What is the remainder when 100877 is divided by 102?
101
What is the remainder when 238798 is divided by 60?
58
What is the remainder when 67942 is divided by 447?
445
Calculate the remainder when 291596 is divided by 3.
2
What is the remainder when 20387 is divided by 20376?
11
Calculate the remainder when 52315 is divided by 2.
1
What is the remainder when 9454 is divided by 110?
104
What is the remainder when 219914 is divided by 21991?
4
What is the remainder when 3030 is divided by 103?
43
What is the remainder when 20177 is divided by 354?
353
Calculate the remainder when 8527 is divided by 41.
40
What is the remainder when 8326 is divided by 20?
6
What is the remainder when 197244 is divided by 67?
63
What is the remainder when 6245 is divided by 1008?
197
Calculate the remainder when 158848 is divided by 90.
88
What is the remainder when 15274 is divided by 2134?
336
What is the remainder when 404 is divided by 202?
0
Calculate the remainder when 105279 is divided by 18.
15
What is the remainder when 32131 is divided by 7?
1
What is the remainder when 86 is divided by 78?
8
Calculate the remainder when 523 is divided by 161.
40
Calculate the remainder when 13411 is divided by 222.
91
What is the remainder when 2032 is divided by 889?
254
Calculate the remainder when 2893 is divided by 889.
226
Calculate the remainder when 16332 is divided by 97.
36
Calculate the remainder when 3598 is divided by 1129.
211
What is the remainder when 53319 is divided by 344?
343
Calculate the remainder when 277752 is divided by 50.
2
What is the remainder when 17079 is divided by 5689?
12
What is the remainder when 4379 is divided by 1441?
56
Calculate the remainder when 390 is divided by 82.
62
What is the remainder when 2732 is divided by 335?
52
What is the remainder when 154657 is divided by 380?
377
Calculate the remainder when 137 is divided by 90.
47
Calculate the remainder when 9313 is divided by 74.
63
What is the remainder when 56459 is divided by 763?
760
Calculate the remainder when 36400 is divided by 18198.
4
What is the remainder when 45090 is divided by 145?
140
Calculate the remainder when 170749 is divided by 29.
26
What is the remainder when 12141 is divided by 160?
141
What is the remainder when 10506 is divided by 552?
18
What is the remainder when 8251 is divided by 14?
5
Calculate the remainder when 9334 is divided by 28.
10
What is the remainder when 3492 is divided by 16?
4
Calculate the remainder when 104414 is divided by 34800.
14
Calculate the remainder when 22788 is divided by 87.
81
Calculate the remainder when 439 is divided by 397.
42
What is the remainder when 12303 is divided by 6137?
29
Calculate the remainder when 57506 is divided by 461.
342
Calculate the remainder when 142 is divided by 12.
10
Calculate the remainder when 1080 is divided by 269.
4
What is the remainder when 43468 is divided by 13?
9
Calculate the remainder when 177868 is divided by 726.
724
Calculate the remainder when 504 is divided by 17.
11
What is the remainder when 15558 is divided by 86?
78
Calculate the remainder when 4409511 is divided by 296.
295
What is the remainder when 63140 is divided by 726?
704
What is the remainder when 6536 is divided by 2157?
65
What is the remainder when 1157 is divided by 166?
161
What is the remainder when 659 is divided by 78?
35
Calculate the remainder when 228726 is divided by 514.
510
What is the remainder when 154811 is divided by 28?
27
What is the remainder when 981286 is divided by 108?
106
Calculate the remainder when 11949 is divided by 1989.
15
What is the remainder when 9396 is divided by 34?
12
What is the remainder when 23230 is divided by 118?
102
Calculate the remainder when 102111 is divided by 27.
24
Calculate the remainder when 6680 is divided by 80.
40
Calculate the remainder when 1824567 is divided by 524.
523
Calculate the remainder when 2418 is divided by 370.
198
Calculate the remainder when 178018 is divided by 17.
11
What is the remainder when 4017 is divided by 40?
17
What is the remainder when 3407200 is divided by 438?
436
Calculate the remainder when 4453 is divided by 444.
13
What is the remainder when 12064 is divided by 344?
24
What is the remainder when 19880 is divided by 381?
68
Calculate the remainder when 381951 is divided by 13.
11
Calculate the remainder when 29106 is divided by 237.
192
Calculate the remainder when 160548 is divided by 130.
128
What is the remainder when 32842 is div